+ 2*i + 62. What is q(0)?
62
Let o(n) = -37*n - 10. Determine o(3).
-121
Let z(d) = 3*d**3 - 4*d**2 + 2*d - 5. Give z(0).
-5
Let f(c) = -c**3 - 14*c**2 - 11*c + 8. Determine f(-13).
-18
Let o(t) = t**2 - 4*t + 6. Determine o(4).
6
Let a(x) = x**3 + 6*x**2 + 2*x - 4. Calculate a(-6).
-16
Let m(g) = -4*g - 9. Determine m(1).
-13
Let r(a) = -5*a - 10. Give r(-2).
0
Let d(x) = -7*x**3 + 2*x**2 + x + 1. What is d(-1)?
9
Let j(m) = -11*m + 69. Determine j(7).
-8
Let k(m) = -2*m + 36. Determine k(0).
36
Let f(r) = -r**3 - 26*r**2 + 54*r - 47. What is f(-28)?
9
Let z(s) = s**3 - 15*s**2 + 42*s - 7. Calculate z(12).
65
Let k(p) = -3*p - 10. Give k(-4).
2
Let k(v) = 7*v + 308. What is k(-44)?
0
Let h(y) = -y**3 - 7*y**2 + 3*y + 8. What is h(-6)?
-46
Let w(v) = v**2 - 11*v - 12. Calculate w(12).
0
Let n(g) = g**2 + 3*g + 2. Calculate n(-5).
12
Let u(z) = 3*z**2 + 82*z - 50. What is u(-28)?
6
Let l(y) = -y + 13. Determine l(3).
10
Let q(z) = z**3 + 5*z**2 - 3*z - 5. What is q(-6)?
-23
Let o(x) = -7*x**3 - 2*x**2 + 2*x. Give o(2).
-60
Let r(u) = -u**2 - 20*u - 51. What is r(-17)?
0
Let m(g) = -11*g + 4. Determine m(-3).
37
Let w(t) = 5*t + 13. Give w(-3).
-2
Let o(x) = 4*x - 78. Give o(28).
34
Let g(a) = 4*a**2 + 20*a. Calculate g(-5).
0
Let n(m) = 4*m - 14. Calculate n(1).
-10
Let i(v) = v**2 - 10*v - 3. What is i(0)?
-3
Let f(p) = -6*p + 14. What is f(5)?
-16
Let t(h) = h**3 - 9*h**2 + 14*h + 34. Calculate t(5).
4
Let c(n) = -n**2 - 3*n + 6. Give c(-6).
-12
Let r(u) = 2*u**2 - 28*u + 32. What is r(12)?
-16
Let g(h) = h**3 + 9*h**2 - 13*h - 24. What is g(-10)?
6
Let g(f) = f**3 + 7*f**2 + 6*f + 1. Determine g(-5).
21
Let o(h) = -17*h - 10. Determine o(3).
-61
Let k(y) = y**3 - 8*y**2 + 10*y + 1. Determine k(7).
22
Let m(c) = 2*c + 18. Calculate m(0).
18
Let h(y) = -y**2 - 4*y + 9. Calculate h(6).
-51
Let r(v) = 2*v**3 - 20*v**2 + 2*v - 18. What is r(10)?
2
Let b(g) = -g**2 + 21*g - 3. Determine b(21).
-3
Let p(r) = -r**3 + 7*r**2 + 9*r - 6. What is p(8)?
2
Let z(a) = a**2 - 19*a + 75. Determine z(13).
-3
Let c(g) = g**2 + 6*g - 3. Give c(-7).
4
Let h(t) = t**2 + 6*t. What is h(-8)?
16
Let b(i) = 5*i + 36. Give b(-10).
-14
Let q(c) = -3*c**2 - 51*c + 16. Determine q(-17).
16
Let m(d) = 5*d**2 + 9*d - 9. Give m(1).
5
Let o(n) = n**3 + 17*n**2 - 18*n - 4. Calculate o(-18).
-4
Let m(f) = 10*f + 139. Determine m(-14).
-1
Let j(t) = t**3 - 10*t**2 + 14*t - 10. Give j(7).
-59
Let k(x) = x + 2. Give k(1).
3
Let c(x) = x**2 + 16*x + 56. What is c(-12)?
8
Let a(m) = 51*m - 1070. Calculate a(21).
1
Let h(t) = 11*t - 2. What is h(4)?
42
Let d(s) = s**3 + 4*s**2 - 12*s - 49. Calculate d(-4).
-1
Let b(w) = -2*w**2 + 2*w + 11. What is b(5)?
-29
Let i(u) = u**3 - u**2 + 2. Determine i(0).
2
Let g(r) = 2*r**3 + 2*r**2 - 3*r - 3. Give g(-2).
-5
Let h(w) = -5*w**2 - 9*w. Calculate h(-2).
-2
Let z(u) = -u**2 + 8*u + 5. Determine z(6).
17
Let q(x) = -x**2 + 2*x - 11. Give q(8).
-59
Let a(g) = g**3 - 6*g**2 + 14*g - 7. Determine a(2).
5
Let y(d) = -4*d + 19. Calculate y(-7).
47
Let i(k) = k**2 + 16*k - 23. Calculate i(-17).
-6
Let v(k) = k**2 + 8*k - 86. What is v(-15)?
19
Let v(n) = n**2 - 53*n + 200. Determine v(4).
4
Let q(x) = 16*x - 1. Calculate q(1).
15
Let d(h) = 4*h - 28. Calculate d(9).
8
Let r(v) = -v**3 + 9*v**2 - 14*v - 24. Give r(6).
0
Let u(t) = t**3 - 8*t**2 - 17*t + 11. Determine u(10).
41
Let b(l) = 42*l - 88. Give b(2).
-4
Let u(x) = -x**3 - 18*x**2 - 23*x - 27. Give u(-17).
75
Let c(n) = 2*n**2 - 13*n + 9. What is c(5)?
-6
Let n(y) = -y**2 + 5*y - 6. Determine n(8).
-30
Let c(r) = -9*r - 17. Determine c(-6).
37
Let h(w) = -w**3 - 12*w**2 - 15*w - 2. What is h(-11)?
42
Let v(l) = -l**2 + l + 3. Give v(0).
3
Let i(f) = -8*f - 31. Determine i(-5).
9
Let f(n) = -n**3 - 10*n**2 - 18*n - 8. Give f(-8).
8
Let l(n) = -n**2 - n - 5. Calculate l(-7).
-47
Let l(p) = p**2 + 6*p + 3. What is l(-3)?
-6
Let w(r) = -3*r**3 - 3*r**2 + 3*r + 5. Calculate w(-1).
2
Let t(c) = -c**3 + 3*c**2 + 4*c + 3. Determine t(4).
3
Let x(t) = 2*t - 12. Determine x(4).
-4
Let r(f) = -f**2 - 3*f + 5. Give r(-5).
-5
Let p(w) = w**3 - 7*w**2 + 12*w - 3. Determine p(5).
7
Let o(b) = b**2 + 8*b - 1. What is o(-8)?
-1
Let c(w) = w**2 + 18*w - 6. What is c(-8)?
-86
Let i(d) = -d**2 - 9*d - 44. Calculate i(-13).
-96
Let z(j) = -j**3 + 3*j**2 + 9. What is z(3)?
9
Let q(g) = -43*g - 297. Give q(-7).
4
Let u(x) = x**3 - 13*x**2 - 89*x - 18. What is u(18)?
0
Let o(i) = 22*i + 86. What is o(-4)?
-2
Let y(u) = 4*u + 49. What is y(-8)?
17
Let o(p) = -11*p + 8. Give o(2).
-14
Let n(b) = b**3 - 8*b**2 + 6*b + 2. What is n(7)?
-5
Let f(q) = -3*q + 7. What is f(-7)?
28
Let q(w) = 4*w**3 + 31*w**2 - 8*w. What is q(-8)?
0
Let p(q) = -q**2 - 8*q - 10. Give p(-4).
6
Let y(o) = -o - 2. What is y(2)?
-4
Let n(x) = x**3 - 8*x**2 + 7*x + 7. Determine n(7).
7
Let x(k) = -k**2 - 29*k - 211. Determine x(-15).
-1
Let d(q) = 7*q**2 + 18*q - 17. Give d(-5).
68
Let x(k) = k**3 + 14*k**2 + 12*k - 23. Give x(-13).
-10
Let u(f) = f**3 + 5*f**2 - 12. Determine u(-4).
4
Let r(x) = x**2 - 7*x - 4. Calculate r(-1).
4
Let r(o) = -o - 2. Give r(0).
-2
Let k(o) = -10*o - 446. Give k(-43).
-16
Let g(c) = -3*c**3 + 6*c - 3. Calculate g(2).
-15
Let j(r) = 3*r + 3. Give j(2).
9
Let m(p) = p**2 - 4*p - 2. Determine m(-2).
10
Let v(z) = -16*z - 14. Give v(-9).
130
Let g(v) = -v**2 - 18*v + 59. Calculate g(-21).
-4
Let g(y) = y**2 - 13*y + 37. What is g(10)?
7
Let t(c) = -c**3 + c**2 + 87. What is t(0)?
87
Let m(s) = s**3 + 12*s**2 + 9*s - 16. Give m(-11).
6
Let u(d) = d - 12. Give u(-10).
-22
Let n(t) = 26*t**2 - 3*t. Calculate n(0).
0
Let a(b) = -7*b + 25. Calculate a(-11).
102
Let h(f) = -f**2 + 3*f + 2. Calculate h(2).
4
Let s(q) = -q**2 + 18*q - 31. What is s(15)?
14
Let k(p) = p**3 + 9*p**2 + 11*p + 9. Calculate k(-8).
-15
Let t(s) = -3*s - 12. Calculate t(-10).
18
Let q(f) = -5*f**3 - 2*f**2 + 5*f + 3. What is q(3)?
-135
Let s(g) = g**3 + 9*g**2 + 5*g - 7. Give s(-8).
17
Let m(f) = f**2 - 24*f + 14. What is m(23)?
-9
Let a(q) = -q**2 - 10*q - 10. Give a(-7).
11
Let g(p) = 2*p**2 - 16*p - 20. Calculate g(9).
-2
Let f(i) = i**3 + 8*i**2 - 20*i - 12. What is f(-10)?
-12
Let b(r) = -r**2 + 12*r - 12. Give b(9).
15
Let b(h) = 7*h**3 + h**2 - 4*h - 3. What is b(-1)?
-5
Let p(u) = -10*u**2 + 8. Calculate p(3).
-82
Let d(g) = 2*g**2 + 4. Give d(0).
4
Let y(g) = -3*g - 25. Determine y(12).
-61
Let x(l) = -l**3 + 2*l**2 + 5*l - 3. Give x(4).
-15
Let l(c) = c**2 + 5*c + 24. Calculate l(-3).
18
Let g(b) = 4*b. Give g(-3).
-12
Let n(a) = -7*a - 14. What is n(-6)?
28
Let a(s) = 5*s. Give a(14).
70
Let w(r) = -r**2 + 20*r - 22. What is w(13)?
69
Let f(j) = -j**3 - 4*j**2 + 29*j + 104. Calculate f(-6).
2
Let j(o) = 10*o - 60. Calculate j(6).
0
Let t(i) = i**2 - 27*i + 4. Determine t(27).
4
Let o(y) = 5*y. What is o(5)?
25
Let g(w) = -w**3 + 7*w**2 - 7*w + 3. Give g(5).
18
Let n(t) = -t**3 + 14*t**2 - 5*t - 12. Calculate n(14).
-82
Let u(f) = 67*f - 469. Determine u(7).
0
Let j(y) = y**3 + 10*y**2 + 6*y - 1. Calculate j(-9).
26
Let w(f) = 6*f**3 - 2*f + 2. Determine w(-2).
-42
Let p(s) = -4*s**2 - 17*s - 23. Give p(-3).
-8
Let t(q) = -2*q - 24. What is t(-8)?
-8
Let m(w) = -w**3 - 5*w**2 + 3*w + 5. Determine m(-6).
23
Let j(h) = -h**3 + 6*h**2 + 4*h - 10. What is j(7)?
-31
Let o(k) = k + 8. Calculate o(-10).
-2
Let b(t) = -t**3 + 5*t**2 + t - 12. Give b(5).
-7
Let i(n) = -n**2 - n + 23. Calculate i(0).
23
Let u(h) = h**3 + 3*h**2 - 3*h + 10. What is u(-4)?
6
Let l(d) = d**3 + 4*d**2 + 2*d - 12. What is l(-4)?
-20
Let c(x) = -x**2 + 6*x + 23. Determine c(-8).
-89
Let w(a) = -a**3 - 5*a**2 - 2*a - 7. Calculate w(-5).
3
Let f(y) = -2*y**3 + 10*y**2 - 13*y + 12. What is f(4)?
-8
Let k(d) = 30*d - 1. Calculate k(0).
-1
Let r(y) = y**3 + y**2 + y + 5. Give r(0).
5
Let b(j) = 2*j**2 + 42*j + 163. Determine b(-5).
3
Let k(j) = 2*j**2 - 10*j - 6. Give k(6).
6
Let m(b) = 2*b**2 - 7*b + 5. Calculate m(4).
9
Let u(o) = -o**2 + 4*o - 2. Determine u(8).
-34
Let u(n) = -n**2 + 41*n + 48. Calculate u(42).
6
Let t(v) = -v**3 - 3*v**2 + 1. What is t(-5)?
51
Let g(q) = -38*q + 29. Calculate g(1).
-9
Let y(i) = i**3 + 24*i**2 + 45*i + 21. Calculate y(-22).
-1
Let b(t) = -2*t**3 - t**2 - 3*t - 4. What is b(-2)?
14
Let n(f) = -f**3 - 3*f**2 - 3. Give n(-5).
47
Let i(s